{"id":25,"date":"2024-03-06T10:54:05","date_gmt":"2024-03-06T10:54:05","guid":{"rendered":"http:\/\/mohajer-leipzig.de\/?page_id=25"},"modified":"2025-09-21T09:15:24","modified_gmt":"2025-09-21T09:15:24","slug":"die-mannschaft","status":"publish","type":"page","link":"http:\/\/mohajer-leipzig.de\/?page_id=25","title":{"rendered":"Die Mannschaft"},"content":{"rendered":"\n<p>In der Saison 2025\/2026 spielen wir in altbew\u00e4hrter Form als Spielgemeinschaft mit den Dritten Herren von <em><a href=\"https:\/\/www.blau-weiss-leipzig.de\/\">FC Blau-Wei\u00df Leipzig e.V.<\/a><\/em><\/p>\n\n\n\n<figure class=\"wp-block-image size-large\"><img loading=\"lazy\" decoding=\"async\" width=\"1024\" height=\"512\" src=\"https:\/\/mohajer-leipzig.de\/wp-content\/uploads\/2025\/09\/DSC_6160-1024x512.jpg\" alt=\"\" class=\"wp-image-763\" srcset=\"http:\/\/mohajer-leipzig.de\/wp-content\/uploads\/2025\/09\/DSC_6160-1024x512.jpg 1024w, http:\/\/mohajer-leipzig.de\/wp-content\/uploads\/2025\/09\/DSC_6160-300x150.jpg 300w, http:\/\/mohajer-leipzig.de\/wp-content\/uploads\/2025\/09\/DSC_6160-768x384.jpg 768w, http:\/\/mohajer-leipzig.de\/wp-content\/uploads\/2025\/09\/DSC_6160-1536x768.jpg 1536w, http:\/\/mohajer-leipzig.de\/wp-content\/uploads\/2025\/09\/DSC_6160-2048x1024.jpg 2048w\" sizes=\"auto, (max-width: 1024px) 100vw, 1024px\" \/><\/figure>\n\n\n\n<p>In der Saison 2024\/2025 spielte unsere Herrenmannschaft in Spielgemeinschaft mit den Dritten Herren von <em><a href=\"https:\/\/www.blau-weiss-leipzig.de\/\">FC Blau-Wei\u00df Leipzig e.V.<\/a><\/em><\/p>\n\n\n\n<figure class=\"wp-block-image size-large is-style-default\"><img loading=\"lazy\" decoding=\"async\" width=\"1024\" height=\"512\" src=\"http:\/\/mohajer-leipzig.de\/wp-content\/uploads\/2024\/11\/DSC_5706-1024x512.jpg\" alt=\"\" class=\"wp-image-600\" srcset=\"http:\/\/mohajer-leipzig.de\/wp-content\/uploads\/2024\/11\/DSC_5706-1024x512.jpg 1024w, http:\/\/mohajer-leipzig.de\/wp-content\/uploads\/2024\/11\/DSC_5706-300x150.jpg 300w, http:\/\/mohajer-leipzig.de\/wp-content\/uploads\/2024\/11\/DSC_5706-768x384.jpg 768w, http:\/\/mohajer-leipzig.de\/wp-content\/uploads\/2024\/11\/DSC_5706-1536x768.jpg 1536w, http:\/\/mohajer-leipzig.de\/wp-content\/uploads\/2024\/11\/DSC_5706-2048x1023.jpg 2048w\" sizes=\"auto, (max-width: 1024px) 100vw, 1024px\" \/><\/figure>\n\n\n\n<p>In der vorherigen Saison 2023\/2024 hatten wir zus\u00e4tzlich noch die Zweiten Herren von <em><a href=\"https:\/\/www.svwest03.de\/\">SV West 03 Leipzig e.V.<\/a><\/em> mit in unserer Spielgemeinschaft. <\/p>\n\n\n\n<figure class=\"wp-block-image size-full\"><img loading=\"lazy\" decoding=\"async\" width=\"980\" height=\"520\" src=\"http:\/\/mohajer-leipzig.de\/wp-content\/uploads\/2024\/03\/2023-Herbst-Mannschaftsbild.webp\" alt=\"\" class=\"wp-image-54\" srcset=\"http:\/\/mohajer-leipzig.de\/wp-content\/uploads\/2024\/03\/2023-Herbst-Mannschaftsbild.webp 980w, http:\/\/mohajer-leipzig.de\/wp-content\/uploads\/2024\/03\/2023-Herbst-Mannschaftsbild-300x159.webp 300w, http:\/\/mohajer-leipzig.de\/wp-content\/uploads\/2024\/03\/2023-Herbst-Mannschaftsbild-768x408.webp 768w\" sizes=\"auto, (max-width: 980px) 100vw, 980px\" \/><\/figure>\n\n\n\n<p>Wir trainieren auf der <em>Kurt-Kresse-Kampfbahn<\/em> in der Diezmannstra\u00dfe 16, 04207 Leipzig. <br>Das Gel\u00e4nde wird von Blau-Wei\u00df verwaltet, mit denen uns nicht nur die Spielgemeinschaft, sondern eine weitergehende Kooperation verbindet.<\/p>\n\n\n\n<p>Unsere Trainingszeiten:<br>Mittwoch 18:30\u201320:00 Uhr<br>Freitag 18:30\u201320:00 Uhr<\/p>\n\n\n\n<figure class=\"wp-block-image size-large is-resized\"><img loading=\"lazy\" decoding=\"async\" width=\"1024\" height=\"1024\" src=\"http:\/\/mohajer-leipzig.de\/wp-content\/uploads\/2024\/03\/Mohammad-Ismaili-DSC_9813-1024x1024.jpg\" alt=\"Mohammad Ismaili, Trainer\" class=\"wp-image-321\" style=\"width:255px;height:auto\" title=\"Mohammad Ismaili, Trainer\" srcset=\"http:\/\/mohajer-leipzig.de\/wp-content\/uploads\/2024\/03\/Mohammad-Ismaili-DSC_9813-1024x1024.jpg 1024w, http:\/\/mohajer-leipzig.de\/wp-content\/uploads\/2024\/03\/Mohammad-Ismaili-DSC_9813-300x300.jpg 300w, http:\/\/mohajer-leipzig.de\/wp-content\/uploads\/2024\/03\/Mohammad-Ismaili-DSC_9813-150x150.jpg 150w, http:\/\/mohajer-leipzig.de\/wp-content\/uploads\/2024\/03\/Mohammad-Ismaili-DSC_9813-768x768.jpg 768w, http:\/\/mohajer-leipzig.de\/wp-content\/uploads\/2024\/03\/Mohammad-Ismaili-DSC_9813-1536x1536.jpg 1536w, http:\/\/mohajer-leipzig.de\/wp-content\/uploads\/2024\/03\/Mohammad-Ismaili-DSC_9813.jpg 2013w\" sizes=\"auto, (max-width: 1024px) 100vw, 1024px\" \/><\/figure>\n\n\n\n<p>Bei Interesse bist du f\u00fcr ein Probetraining herzlich willkommen.<\/p>\n","protected":false},"excerpt":{"rendered":"<p>In der Saison 2025\/2026 spielen wir in altbew\u00e4hrter Form als Spielgemeinschaft mit den Dritten Herren von FC Blau-Wei\u00df Leipzig e.V. In der Saison 2024\/2025 spielte unsere Herrenmannschaft in Spielgemeinschaft mit den Dritten Herren von FC Blau-Wei\u00df Leipzig e.V. In der &hellip; <a href=\"http:\/\/mohajer-leipzig.de\/?page_id=25\">Weiterlesen <span class=\"meta-nav\">&rarr;<\/span><\/a><\/p>\n","protected":false},"author":1,"featured_media":0,"parent":0,"menu_order":0,"comment_status":"closed","ping_status":"closed","template":"","meta":{"footnotes":""},"class_list":["post-25","page","type-page","status-publish","hentry"],"_links":{"self":[{"href":"http:\/\/mohajer-leipzig.de\/index.php?rest_route=\/wp\/v2\/pages\/25","targetHints":{"allow":["GET"]}}],"collection":[{"href":"http:\/\/mohajer-leipzig.de\/index.php?rest_route=\/wp\/v2\/pages"}],"about":[{"href":"http:\/\/mohajer-leipzig.de\/index.php?rest_route=\/wp\/v2\/types\/page"}],"author":[{"embeddable":true,"href":"http:\/\/mohajer-leipzig.de\/index.php?rest_route=\/wp\/v2\/users\/1"}],"replies":[{"embeddable":true,"href":"http:\/\/mohajer-leipzig.de\/index.php?rest_route=%2Fwp%2Fv2%2Fcomments&post=25"}],"version-history":[{"count":9,"href":"http:\/\/mohajer-leipzig.de\/index.php?rest_route=\/wp\/v2\/pages\/25\/revisions"}],"predecessor-version":[{"id":764,"href":"http:\/\/mohajer-leipzig.de\/index.php?rest_route=\/wp\/v2\/pages\/25\/revisions\/764"}],"wp:attachment":[{"href":"http:\/\/mohajer-leipzig.de\/index.php?rest_route=%2Fwp%2Fv2%2Fmedia&parent=25"}],"curies":[{"name":"wp","href":"https:\/\/api.w.org\/{rel}","templated":true}]}}